. List the prime factors of t.
97
Let u be 452/14 - 12/42. List the prime factors of (-1235)/(-15) + u/12 + -3.
2, 41
Suppose -2*f = -5*o - 2 + 3, -10 = -3*f - 4*o. Let p be ((-12)/30)/(f/(-10)). Suppose -86 = -2*a + p*i, 0*i - 2*i + 184 = 4*a. List the prime factors of a.
3, 5
Suppose 3*w + 0*w - 9 = 0. Suppose 0 = -w*n + n - 2. List the prime factors of n + 25 + 1 - 1.
2, 3
Let r(i) = -i**3 - 7*i**2 - 11*i + 3. Let t be r(-5). Let y = -4 + t. Suppose -y*d = -12, 4*z - 4*d = 299 - 83. List the prime factors of z.
3, 19
Let l = 5 - -54. Let i = 102 - l. What are the prime factors of i?
43
Let v = 389 + 433. What are the prime factors of v?
2, 3, 137
Suppose -3*z + p = 9, -3*p + 8 - 1 = z. What are the prime factors of (72 - -4) + (-2 - z) + 1?
7, 11
Suppose 0 = -11*o + 7*o. Suppose -6*u + 1736 - 404 = o. What are the prime factors of u?
2, 3, 37
Let w(o) = o**2 + 8*o + 17. Let b be w(-9). Suppose j - 82 + b = 0. List the prime factors of (13/26)/(1/j).
2, 7
Suppose 5*j - 314 = -924. Let o = -23 - j. List the prime factors of o.
3, 11
Let r = 15539 + -11089. List the prime factors of r.
2, 5, 89
Let n(i) = -7*i**3 + 4*i**2 - 3*i - 3. Let j be n(-4). Suppose -676 = -2*a - 2*a + 2*s, 3*a - 5*s = j. List the prime factors of a.
167
Let m = -250 - -316. List the prime factors of m.
2, 3, 11
Let d be ((21/(-9))/7)/(1/6). List the prime factors of (-2989)/(-21) - ((-12)/(-9) + d).
11, 13
List the prime factors of 0/4 + 2869 + 2/2.
2, 5, 7, 41
Suppose 0 = 3*h - 9*h - 54. What are the prime factors of 641/7 + h/(-21)?
2, 23
Suppose -19*y + 18*y = -158. Let t = y - -52. Suppose -2*k = -3*q + 126, 7*q + 5*k - t = 2*q. List the prime factors of q.
2, 3, 7
Let k(w) = w**3 + 9*w**2 - 3*w - 13. Suppose 0*n - n = -27. Suppose 3*z = -7*f + 3*f - n, 0 = -4*z + 12. What are the prime factors of k(f)?
2, 7
Suppose -4*a + 0 + 212 = 0. What are the prime factors of a?
53
Let u = 2 + -2. Suppose -2*h + u*h = -8. Suppose -5*l = -3*c - 33, l - 4*l = -h*c - 22. List the prime factors of l.
2, 3
Suppose -l = -6*l + 3850. What are the prime factors of l/56 + 3/(-4)?
13
Let o(r) = -563*r - 176. What are the prime factors of o(-7)?
3, 5, 251
Let x = -1101 - -1933. List the prime factors of x.
2, 13
Let q(t) = 122*t - 189. What are the prime factors of q(24)?
3, 11, 83
Suppose -2*x = 2*x + k - 93, 3*x - 2*k - 67 = 0. List the prime factors of x.
23
Suppose -3*d - 810 = -0*n - 5*n, -2*d - 2*n = 556. What are the prime factors of d/(-20) + 3 - (-1)/4?
17
Let m be (-1102)/(-11) - (-6)/(-33). Let l be m/(-26) + (-8)/52. List the prime factors of l/(-6)*1269/18.
47
Let d(z) = -z**3 + 18*z**2 - 17*z + 13. Suppose -72 - 30 = -6*t. Let k be d(t). Let q = k + 31. List the prime factors of q.
2, 11
Suppose -27*m = -21*m + 450. Let i = m + 185. What are the prime factors of i?
2, 5, 11
Suppose 726 = 4*k + 166. Let r = -53 + k. List the prime factors of r.
3, 29
Let s = -2933 + 3216. List the prime factors of s.
283
Let z = 16 - -6. Suppose -u + z = -9. What are the prime factors of u?
31
Let m(t) = -t**3 + 3*t**2 + 2*t + 2. Let c be m(4). Let y be (-148)/c + (-2)/3. Suppose -3*n + y = -2*n. What are the prime factors of n?
2, 3
Let r(o) = -2*o - 2. Let t be r(5). Let g = 12 + t. Suppose g = 2*s - 43 - 13. What are the prime factors of s?
2, 7
Let n = 34 - 31. Suppose -n*m + 4*m = 48. List the prime factors of m.
2, 3
What are the prime factors of 40/16*1532/10*1?
383
What are the prime factors of (6318/65)/((-1)/(-10))?
2, 3
Let l(k) = 4*k - 6. Let o be l(2). Suppose -g + 6*g + 3*m = 307, o*g = -5*m + 119. List the prime factors of g.
2, 31
What are the prime factors of (0 + 28/(-10))*10260/(-57)?
2, 3, 7
Suppose u - 6 = -u. Suppose -o + u*i = -0*o - 2, -i = 2*o - 4. Suppose -3*l = o*l - 135. What are the prime factors of l?
3
Let d be (2 - (-3 + -1)) + -2. Suppose -10 = -2*g + 4*g + 4*o, 0 = -d*g - 5*o - 14. What are the prime factors of g - (-2)/((-8)/(-92))?
2, 11
Let u(j) = -j. Let t be u(-3). Let y(g) be the first derivative of 7*g**2/2 - 4*g + 4. What are the prime factors of y(t)?
17
Let x be 38/(-323) + (-53)/(-17) + -4. Let b(j) = j + 8. Let m be b(0). Let l = m + x. List the prime factors of l.
7
Let t(r) = -r. Let f be t(-6). Let a be 30/4*(-4)/f. Let u = 22 - a. What are the prime factors of u?
3
Let a(s) = 61*s + 262. What are the prime factors of a(36)?
2, 1229
Let m(p) = 6*p**2 + 34*p + 98. List the prime factors of m(-3).
2, 5
Let i = 1 + 5. Suppose 0 = z + 5*x - 35, i*z + x - 49 = 3*z. Let f = z + 14. What are the prime factors of f?
29
Suppose b = -b. Let a(m) be the third derivative of m**6/120 + m**5/60 + m**3/2 - 2*m**2. What are the prime factors of a(b)?
3
List the prime factors of (-10382)/(-12) - 34/204.
5, 173
Let v = 3604 - -951. List the prime factors of v.
5, 911
Suppose -3*p - 4260 = -4*b, 3*p = 2*b + 3*b - 5322. Suppose 2*l = -4*l + b. List the prime factors of l.
3, 59
Let c = -30 + 58. Suppose -c = -3*f - f. Suppose -f*k + 3*k = -104. What are the prime factors of k?
2, 13
Let i(l) = l**2 + 13*l - 11. Let q be i(-14). Suppose 0 = w - 5*h - 24, 4*h - 39 - 33 = -q*w. List the prime factors of w.
2, 3
Suppose -5*c - 5*o + 955 = 0, -1 = o - 0. What are the prime factors of c?
2, 3
Let p = 663 - 255. What are the prime factors of p?
2, 3, 17
What are the prime factors of (-13022)/(-7) - 46/161?
2, 3, 5, 31
Let m(j) be the second derivative of j**5/20 - j**3/2 - j**2/2 - j. Let v be m(-3). List the prime factors of 0 - (2 - 1)*v.
19
Let o be 177/9 + (-4)/(-12). Suppose 6*s = -o + 128. List the prime factors of 116/10 + s/(-30).
11
Suppose -4 = 2*i - 0*i - 4*a, 2*a + 2 = 3*i. Suppose 0 = -2*o + 3*s + 28, 56 = i*o + 2*o + 5*s. What are the prime factors of o?
2, 7
Suppose 15*c = 5*c - 2130. List the prime factors of 4/4*c/(-3).
71
Let p be (-759)/(-44) - 3/(-4). Suppose q = -q + 5*y - p, 2*q + y + 6 = 0. What are the prime factors of 2 + ((-32)/2)/q?
2, 3
Let z be (27/6)/(2/4). Suppose 2*j = -j + z. Suppose -27 = -4*f + j*i, -4*f + i + 25 + 0 = 0. What are the prime factors of f?
2, 3
Let s be (9/1 + 2)/((-1)/(-21)). Suppose 2*i - 55 - 182 = -3*r, -2*i = 5*r - s. List the prime factors of i.
3, 41
Let w(t) = -t**3 - 6*t**2 - 9*t - 1. Let b be w(-4). Suppose -5*c + 2*c = 12, -3*c = -b*g + 387. List the prime factors of g.
5
Let a be (-4)/(-22) + (-2)/11. Suppose a = -2*w + 4, -71 = -5*u - 3*w - 0*w. List the prime factors of 2/u - (-505)/13.
3, 13
Suppose -4*q = o - 1355, 0 = -q - 5*o + 382 - 67. What are the prime factors of q?
2, 5, 17
List the prime factors of 4*5/10 - -658.
2, 3, 5, 11
Let n(p) = -p**3 - 26*p**2 - 27*p - 44. Let r be n(-25). Suppose 0 = -r*a + 7*a - 177. List the prime factors of a.
3, 59
Let s be (-3*2)/(-2 - 0). Suppose 2*z - 15 = -s*z. Suppose -z*c + 18 = -0*c. List the prime factors of c.
2, 3
Suppose -5*o + 431 = -3*p, 0 = -5*p + 2*o - 3*o - 681. Let s = p + 155. List the prime factors of s.
2, 3
Let l be (-30)/4*36/(-54). Suppose -2*j + 32 + 6 = 0. Suppose 99 - j = l*o. List the prime factors of o.
2
Let w = 20308 - 14276. List the prime factors of w.
2, 13, 29
Let g(r) = -r**3 + 3*r**2 + 3*r. Let h be g(4). Let d(u) = 19*u + 6. Let v be d(h). What are the prime factors of v/(-3)*(-11 + 14)?
2, 5, 7
Suppose -3*b + i = -387 - 1687, 3*i - 698 = -b. List the prime factors of b/20 - (-4)/10.
5, 7
Let v be 6*4*9/27. Let f = v - 4. Suppose -f*d - 16 = 0, -3*r = -6*r - d + 113. What are the prime factors of r?
3, 13
Let c(u) = u**2 + 13*u + 26. Let g(a) = a. Let n(o) = c(o) - 3*g(o). List the prime factors of n(-14).
2, 41
Suppose -3*a - 2*d = -214, 3*a - 4*d = -39 + 277. Suppose -237 = -5*t + 2*b + b, -4*t - 4*b + 164 = 0. Let n = a - t. List the prime factors of n.
29
Suppose -u - 57 = 2*p, -p + u - 2*u - 30 = 0. Let k = 48 + p. List the prime factors of k.
3, 7
Let d(n) = n**3 + 5*n**2 - 2. Let x be d(-5). Let a(h) = -9*h**3 + 2*h**2 + h - 4. What are the prime factors of a(x)?
2, 37
Let w(h) = 5*h**3 + h. Let t(c) = -c**2 + 7*c + 19. Let j be t(9). Let x be w(j). What are the prime factors of x/(-24) - 165/(-4)?
41
Let a(f) = -2*f - 3. Let m = 11 - 18. Let o be a(m). Let h = o - -7. What are the prime factors of h?
2, 3
Let r(z) = 7*z**2 - 3*z + 6. Let i be r(3). Suppose -3*f - 3 = 0, -3*d + 8*d - 5*f = -i. Let v = d + 29. List the 